{"id":598,"date":"2023-12-29T09:41:15","date_gmt":"2023-12-29T08:41:15","guid":{"rendered":"https:\/\/latelierdevore.com\/index.php\/events-grid-style\/"},"modified":"2024-08-21T15:14:10","modified_gmt":"2024-08-21T13:14:10","slug":"events-grid-style","status":"publish","type":"page","link":"https:\/\/latelierdevore.com\/index.php\/events-grid-style\/","title":{"rendered":"Ateliers culinaires"},"content":{"rendered":"<div class=\"col-lg-6 col-12 mx-lg-auto mb-5 text-center\">\n<div class=\"heading-default wow fadeInUp\" style=\"visibility: visible; animation-name: fadeInUp;\">\n<h2>Ateliers culinaires<\/h2>\n<p><span class=\"hr-line\"><img decoding=\"async\" src=\"https:\/\/latelierdevore.com\/wp-content\/themes\/appetizer-pro\/assets\/images\/hr-line-default.png\" \/><\/span><\/p>\n<p>Nous proposons des ateliers vari\u00e9s pour apprendre \u00e0 cuisiner de bons plats ou d\u00e9couvrir de nouvelles recettes sal\u00e9es ou de p\u00e2tisserie, et devenez un vrai chef !<\/p>\n<\/div>\n<\/div>\n<div align=\"center\">Aucun atelier pour le moment<br \/>\n<br \/>\nSi vous souhaitez organiser un atelier \u00e0 votre domicile, merci de <a href=\"https:\/\/latelierdevore.com\/index.php\/nous-contacter\/\">nous contacter<\/a>.<\/p>\n<\/div>\n<p><!-- [event-list show='30' style='grid'] --><\/p>\n","protected":false},"excerpt":{"rendered":"<p>Ateliers culinaires Nous proposons des ateliers vari\u00e9s pour apprendre \u00e0 [&hellip;]<\/p>\n","protected":false},"author":1,"featured_media":0,"parent":0,"menu_order":0,"comment_status":"closed","ping_status":"closed","template":"","meta":{"footnotes":""},"class_list":["post-598","page","type-page","status-publish","hentry"],"_links":{"self":[{"href":"https:\/\/latelierdevore.com\/index.php\/wp-json\/wp\/v2\/pages\/598","targetHints":{"allow":["GET"]}}],"collection":[{"href":"https:\/\/latelierdevore.com\/index.php\/wp-json\/wp\/v2\/pages"}],"about":[{"href":"https:\/\/latelierdevore.com\/index.php\/wp-json\/wp\/v2\/types\/page"}],"author":[{"embeddable":true,"href":"https:\/\/latelierdevore.com\/index.php\/wp-json\/wp\/v2\/users\/1"}],"replies":[{"embeddable":true,"href":"https:\/\/latelierdevore.com\/index.php\/wp-json\/wp\/v2\/comments?post=598"}],"version-history":[{"count":0,"href":"https:\/\/latelierdevore.com\/index.php\/wp-json\/wp\/v2\/pages\/598\/revisions"}],"wp:attachment":[{"href":"https:\/\/latelierdevore.com\/index.php\/wp-json\/wp\/v2\/media?parent=598"}],"curies":[{"name":"wp","href":"https:\/\/api.w.org\/{rel}","templated":true}]}}